(u) = -9*f(u) + 4*s(u). Calculate t(z).
-4
Let i(f) = 4*f - 1. Suppose 11*l - 40 = 3*l. Give i(l).
19
Let r(n) be the third derivative of -1/24*n**4 + 1/6*n**3 + 20*n**2 + 0*n + 0. Determine r(-4).
5
Let j(g) = -4*g - 1. Let i be (-5 - -7)*1/(-2) - 2. Let p = 7 + i. Determine j(p).
-17
Suppose 5*q = 41 - 1. Suppose q = 4*o - 8. Let g(l) = 2 - 9*l + 0 - 3 + o*l. What is g(-1)?
4
Let p(g) = g**3 + 6*g**2 - 5*g + 2. Suppose -2*v - 95 + 29 = 0. Let t = 26 + v. What is p(t)?
-12
Let i(v) be the first derivative of 0*v + 5 + 1/2*v**2. What is i(-4)?
-4
Let s(y) = -2*y - 1. Let r(m) = -m**2 - 7*m - 21. Let t(z) = -r(z) + 4*s(z). What is t(0)?
17
Suppose -q - 13*q - 5*q = 0. Let n(b) = -b**3 + 2*b**2 + 2*b + 7. Calculate n(q).
7
Suppose 2*x + 15 = -x. Let k(t) = 5*t + t**2 + 6 - 16*t**3 + 9*t**2 + t + 17*t**3 - 4*t**2. Calculate k(x).
1
Let i be -7*(-4)/168*1. Let m(a) be the third derivative of -i*a**3 + 0*a + 0 + 1/20*a**5 + 1/120*a**6 - a**2 + 1/24*a**4. Calculate m(-2).
1
Let i = -475 - -473. Let n(h) = -h**3 - 2*h**2 + h. What is n(i)?
-2
Let r(y) = -30*y - 40. Let k(c) = -11*c - 13. Let t(f) = -11*k(f) + 4*r(f). Determine t(15).
-2
Suppose 34*f + 207 = 11*f. Let l(q) = 6*q + 6. Determine l(f).
-48
Let m(w) be the first derivative of w**3/3 + 3*w**2/2 - 6*w - 1. Let i be -2*3*(-16 - 34*14/(-28)). What is m(i)?
12
Let z(i) = 368 - 6*i - 371 + 15*i. Suppose -22*v = -10*v - 24. What is z(v)?
15
Let i(m) = 8*m**2 - 25*m**3 + 3*m**3 + 5*m**3 + 16*m**3 - 3*m - 1. What is i(7)?
27
Let j(g) = -4*g - 2. Let k(b) = 9*b + 8. Let w(i) = 5*j(i) + 2*k(i). Calculate w(7).
-8
Let b(c) = 5*c - 7. Let s(v) = -7*v**2 + v + 2. Let m be s(-1). What is b(m)?
-37
Let i(c) = 9*c**2 - c - 525 + 522 + c**3 - c. What is i(-9)?
15
Let o(r) be the second derivative of 1/2*r**3 + 0 + 1/8*r**4 - 4*r - 5/2*r**2. Let p(i) be the first derivative of o(i). Calculate p(-4).
-9
Let g(q) = -q**3 - q - 9. Let z(y) = -y**2 + 8*y - 2. Suppose 2*f - 9 = a, 5*f + 3*a = 5*a + 25. Let c be z(f). Suppose -4*t = -c*t. Determine g(t).
-9
Suppose 0 = d + a, 2*a = -3*a + 15. Let w(i) = -i**2 + i - 1. Let g be w(d). Let u = 15 + g. Let v(z) = z**3 + 2*z - 1. Give v(u).
11
Let j(x) be the first derivative of 2*x**2 - x - 2219. Let s(t) = -t**2 + t + 3. Let i be s(0). Determine j(i).
11
Let m(c) = -c**2 + 3*c + 2. Let t(l) = -6*l**2 - 3*l. Suppose 35*r + 5 = 36*r. Let s(n) = -n**2. Let y(f) = r*s(f) - t(f). Let a be y(-2). What is m(a)?
-8
Suppose 0*a = -5*a - 30. Let m(p) = -11 + 14 + 5*p + p - 32*p**2. Let s(t) = 11*t**2 - 2*t - 1. Let g(v) = a*m(v) - 17*s(v). Determine g(-1).
6
Let m(g) be the first derivative of g**3/3 - 7*g**2/2 + 3*g + 4. Let y = -165 - -171. Give m(y).
-3
Let p(c) = 2*c - 3. Let o = 78 - 85. Let y(h) be the first derivative of h**3/3 + 4*h**2 + 9*h + 2. Let v be y(o). Determine p(v).
1
Let b be 8/3*(-399)/(-28). Let q = b - 44. Let f(j) = 4*j**2 + 2*j - 1. Let u(r) = 7*r**2 + 5*r - 1. Let c(t) = -5*f(t) + 3*u(t). Calculate c(q).
8
Let d = -45 - -40. Let h(l) = -6 + 6 + 4 + 2 + l. What is h(d)?
1
Let y be 3/((-45)/(-20)) + (-16)/(-24). Let c(v) = v - 4. Let t be c(6). Suppose p + y*p = -b + 9, t*b - 5*p = -15. Let o(g) = -g**3 + g**2 + 7. What is o(b)?
7
Let u(o) = o**3 + 5*o**2 + 4*o - 2. Let p(x) = x**3 - 5*x**2 + 2*x - 3. Let b be p(0). What is u(b)?
4
Let i(b) = -b**3 + 5*b**2 - 2*b. Suppose -5*s + 494 = -181. Suppose -17*c + 20*c = s. Let d be c/12 + 1/4. Give i(d).
8
Suppose 10 = -u - 4*x, 2*u + 3*u = -4*x - 2. Suppose -2*v - 15 = -7*v, -u*c + 3*v = 1. Let m be 36/c + -1 + -2. Let o(g) = -g + 4. Calculate o(m).
-2
Let o be (1 + (-3)/(-9))*(-27)/6. Let z(f) = -f - 1. Calculate z(o).
5
Suppose 0 = 3*j - 0*j - 4*f + 7, -14 = 2*j - 5*f. Suppose -35 = j*g + g + 3*u, 4*u = -4*g - 40. Let m(n) = n + 8. Calculate m(g).
3
Let d = 72 - 76. Let o(p) be the first derivative of 2 - 4*p - 2/3*p**3 - 7/2*p**2. Calculate o(d).
-8
Let b(n) = -n + 1. Let a be b(-5). Suppose 27 = l - 5*g, -8*l + 4*g + 30 = -3*l. Let x(z) = z**2 - 6*z + a - 4*z**l + 4*z**2. What is x(6)?
6
Suppose 4*x = 85 - 65. Suppose 0 = 7*b - x*b + 18. Let z(u) = u**2 + 9*u + 9. Give z(b).
9
Suppose 0 = 4*i + 2 - 18. Let q be (-123)/39 + 6/39. Let x(v) = -3*v**2 + v - 5. Let d(o) = 4*o**2 + 5. Let f(b) = q*x(b) - 2*d(b). Give f(i).
9
Let r(v) = 4*v - 1. Let c(p) = 2*p**3 - 4*p**2 + p + 2. Let k be c(2). Let m be r(k). Suppose 5 + m = 4*x. Let u(q) = -q**3 + 6*q**2 - 5*q - 4. Determine u(x).
-4
Let x = 400 + -399. Let b(o) = -27*o**2 + o. Determine b(x).
-26
Let l(z) = -z**3 - 10*z**2 - 9*z - 8. Let h = -536 - -527. Calculate l(h).
-8
Let y(d) = 79059 - 79059 - 6*d + d**2. What is y(-5)?
55
Let s(l) = -3*l**2 + 3*l + 4. Let h(i) = -i**2 - i + 1. Let x(b) = 2*h(b) - s(b). Let r(p) be the first derivative of x(p). Calculate r(4).
3
Let z = -23 - -24. Let h be (1 - z)/(-10 - -8). Let g(t) = -t + 2. Give g(h).
2
Suppose -19*g - 24 = -15*g. Let q(j) be the first derivative of j**2/2 + 8*j - 2. What is q(g)?
2
Let z(w) = -61*w + 21. Let u(a) = 12*a - 4. Let k = -29 - -18. Let r(f) = k*u(f) - 2*z(f). Determine r(-2).
22
Suppose -3*v + 0*v = -2*w - 8, 0 = 2*v + 2*w - 2. Let a(p) = -p**2 - 3*p**v + 2*p**2 + 3*p**2 + 3 - 7*p. Suppose 2*m - 15 = -3*m. Give a(m).
-9
Suppose 3*v - m + 3*m = 7, -3*v = -5*m - 14. Suppose -h - 2 = -2*a + 3*a, 4*h = v*a - 1. Let y(p) = 5*p**3 - p**2 + p + 1. Give y(a).
-6
Let k(g) = -6 + 4 - g - 5 + 6. Determine k(-4).
3
Let s(p) be the second derivative of -p**4/6 + p**3 - 3*p**2/2 + 8*p. Let o = 5 + -1. Calculate s(o).
-11
Suppose h + 3 - 20 = -4*k, 0 = -5*k + 3*h. Let b(l) = -7 + l + k*l - 2*l + l. Let g = 281 + -276. What is b(g)?
8
Let f(y) = -20*y - 106. Let x be f(-6). Let z(j) = j**2 - 13*j - 10. Determine z(x).
4
Suppose r = -4*q - 1, 0 = 3*r - q - 5 - 5. Let f(b) = 102*b**3 - 103*b**r - 5 - 5*b + b - 6*b**2. What is f(-5)?
-10
Let w(u) = 4*u**3 - 7*u**2 - 7*u. Let v be w(4). Let l = v + -107. Let c(m) = m**3 - 8*m**2 - 10*m + 3. Determine c(l).
-6
Suppose -9 = d + 2. Let z = d - -9. Let w = 0 + z. Let b(y) = y**3 + y**2 + 3*y + 3. Calculate b(w).
-7
Suppose -65*o = -67*o + 50. Suppose -11 = -12*z + o. Let y(a) = 2*a**3 - 4*a**2 + 1. Calculate y(z).
19
Let b(u) = -u**2 - 1. Let k(v) = 7*v**2 + 4*v + 7. Let r(p) = -6*b(p) - k(p). Suppose 8 = 6*z - 52. Let m = z + -13. Determine r(m).
2
Let h(v) be the third derivative of v**5/60 - 3*v**4/8 + 4*v**3/3 - 9*v**2 - 2. Let r(b) = -2*b**2 + b + 1. Let j(z) = -h(z) - r(z). What is j(-10)?
11
Let g(l) = -2*l**2 - 7*l + 5. Let x = 338 - 344. Calculate g(x).
-25
Let j(f) = 2*f**2 - f - 1. Let i be j(-2). Suppose -w = 2*w + i. Let y(r) = -r**2 - 5*r - 2. Calculate y(w).
4
Let s(o) = -o**3 + 3*o**2 + 22*o - 56. Let z be s(5). Let l(g) = g**2 - 5. What is l(z)?
11
Suppose 2*v - 2 = -3*a, 38*v - 43*v + 5 = -3*a. Let y be 3/(-2) + 60/8. Let i(x) = -3*x**3 + 2*x**3 + y + x**3 - x**3 + x**2. Determine i(a).
6
Let m = 86 + -81. Let f(x) = 3*x + 7 - m*x + x + x**2. Determine f(0).
7
Let w(y) = 5*y**3 - 6*y**2 + y + 15. Let x(k) = -2*k**3 + 3*k**2 - k - 7. Let m(g) = -3*w(g) - 7*x(g). Calculate m(-4).
4
Let u be -70*(2 - 6/2). Let a(g) = u*g**3 - 34*g**3 + 2 - g**2 - 35*g**3. Let v be 1 + (-3)/(3/1). Determine a(v).
2
Let z(t) = -4*t**2 + 6*t. Let b(s) = 8*s**2 - 13*s. Let i(m) = -3*b(m) - 7*z(m). Suppose -27 + 39 = 6*c. Calculate i(c).
10
Let w(q) = -q**2 - 5*q - 2. Let i = 72 - 126. Let b be 1/(-3*(-6)/i). Give w(b).
4
Let y(c) = -3*c + 3*c + c - 2*c. Give y(12).
-12
Let s(y) = 2*y - 22. Let n = 223 - 210. Give s(n).
4
Let g(c) = -c**2 + 1. Let m(x) = -x**3 + 5*x**2 + 6*x. Let v be m(6). Suppose 3*t + o + 17 = v, o + 22 = 3*t - 7*t. Let q be (t - 1) + 0 - -3. What is g(q)?
-8
Suppose 2*c = -4*t + 14, -c - 4*t = -0*c - 13. Let l(d) be the third derivative of d**6/24 + d**3/6 - 2*d**2 + 39*d. Calculate l(c).
6
Let s be -7*1/(-7)*6*-1. Let z(p) = p + 12. Give z(s).
6
Suppose 0 = -2*f + 42 - 0. Let n be ((-36)/(-21))/(6/f). Let j(g) = g**3 - 5*g**2 - 5*g - 2. What is j(n)?
4
Let s(y) be the first derivative of -y**4/4 - 2*y**3/3 + y**2 + 3*y - 1. Let d be -16 - (-8 + (6 - 12)). Determine s(d).
-1
Let q(j) = 4*j**3 + 12*j**2 + 17*j + 15. Let b(f) = -f**3 - f**2 - 2*f + 1. Let n(c) = 3*b(c) + q(c). Calculate n(-8).
-6
Suppose 2 + 2 = f. Let k(m) be the second deri